8901 a composite number?
True
Is 8681 prime?
True
Is 55579 composite?
False
Is 547 composite?
False
Is 8353 a prime number?
True
Is 3847 a prime number?
True
Is 2622113 a prime number?
False
Is 1077121 a prime number?
False
Is 244163 a composite number?
True
Is 14347 composite?
False
Is 153103 composite?
True
Is 16301 composite?
False
Is 319 composite?
True
Is 116861 a prime number?
False
Is 8002 a prime number?
False
Is 145081 a composite number?
True
Is 38953 prime?
True
Is 1495453 prime?
False
Is 553 composite?
True
Is 40735 prime?
False
Is 4507 prime?
True
Is 19127 a composite number?
True
Is 2627 prime?
False
Is 28051 a composite number?
False
Is 516455 composite?
True
Is 2053 prime?
True
Is 249697 a composite number?
True
Is 3443 composite?
True
Is 3383 a composite number?
True
Is 11099 prime?
False
Is 50719 a composite number?
True
Is 113279 composite?
False
Is 36313 composite?
False
Is 100343 a composite number?
False
Is 59183 a composite number?
False
Is 5273 a composite number?
False
Is 2045 a prime number?
False
Is 21473 a prime number?
False
Is 1522789 composite?
False
Is 28286 a composite number?
True
Is 1071037 composite?
True
Is 12881 a prime number?
False
Is 9983 a composite number?
True
Is 112979 prime?
True
Is 39209 a prime number?
True
Is 59693 a prime number?
True
Is 456673 prime?
False
Is 100003 composite?
False
Is 8767 prime?
False
Is 74631 prime?
False
Is 2411 a prime number?
True
Is 635 a prime number?
False
Is 179687 a prime number?
True
Is 181 composite?
False
Is 67699 a prime number?
True
Is 3359 a composite number?
False
Is 332113 composite?
False
Is 424997 composite?
False
Is 232017 a prime number?
False
Is 36227 prime?
False
Is 181823 a prime number?
False
Is 74623 prime?
True
Is 307 a prime number?
True
Is 8141 composite?
True
Is 517 a prime number?
False
Is 8659 a prime number?
False
Is 13561 a prime number?
False
Is 15338 a prime number?
False
Is 6197 prime?
True
Is 787427 prime?
True
Is 16249 composite?
False
Is 280537 composite?
False
Is 550933 prime?
False
Is 107581 composite?
False
Is 14393 a prime number?
False
Is 178073 a prime number?
False
Is 655883 composite?
False
Is 9263 a prime number?
False
Is 980363 prime?
True
Is 13523 a composite number?
False
Is 88129 a composite number?
False
Is 143383 a composite number?
True
Is 226087 composite?
False
Is 3611 a prime number?
False
Is 6635 a composite number?
True
Is 853031 a prime number?
True
Is 358531 a composite number?
False
Is 1064377 composite?
False
Is 14851 a composite number?
False
Is 198469 a prime number?
True
Is 37889 composite?
False
Is 50327 prime?
False
Is 1561577 a prime number?
True
Is 690385 composite?
True
Is 6469 composite?
False
Is 1397 prime?
False
Is 9467 a prime number?
True
Is 22431 prime?
False
Is 66527 prime?
False
Is 943 a composite number?
True
Is 7417 a prime number?
True
Is 136787 a prime number?
False
Is 340979 a prime number?
True
Is 9587 prime?
True
Is 2479 composite?
True
Is 18301 composite?
False
Is 2120182 a prime number?
False
Is 801833 composite?
False
Is 5989 prime?
False
Is 24239 a prime number?
True
Is 9689 prime?
True
Is 316469 prime?
True
Is 5933 composite?
True
Is 63949 a prime number?
True
Is 36293 composite?
False
Is 129341 prime?
True
Is 820699 a composite number?
True
Is 53701 a composite number?
True
Is 41731 prime?
False
Is 663703 a composite number?
True
Is 140111 a prime number?
True
Is 683 a prime number?
True
Is 171973 composite?
True
Is 43661 a prime number?
True
Is 11923 prime?
True
Is 24673 composite?
True
Is 11579 a prime number?
True
Is 2250089 a prime number?
True
Is 6326 prime?
False
Is 10651 prime?
True
Is 2011351 composite?
True
Is 9287 prime?
False
Is 2094629 composite?
True
Is 791 a composite number?
True
Is 16483 a composite number?
True
Is 60601 a composite number?
False
Is 76367 a composite number?
False
Is 84646 a composite number?
True
Is 5381 prime?
True
Is 1379 prime?
False
Is 82967 a prime number?
False
Is 46047 composite?
True
Is 894701 a prime number?
False
Is 10097 prime?
False
Is 2521 composite?
False
Is 2798 prime?
False
Is 15401 a prime number?
True
Is 839 a composite number?
False
Is 6389 prime?
True
Is 37477 composite?
True
Is 82581 composite?
True
Is 2666381 a composite number?
False
Is 2521 composite?
False
Is 211 composite?
False
Is 21943 a prime number?
True
Is 10895 prime?
False
Is 426401 a composite number?
False
Is 258811 a composite number?
True
Is 82139 a composite number?
False
Is 23962 a composite number?
True
Is 310715 a composite number?
True
Is 57763 a prime number?
False
Is 27791 a composite number?
False
Is 5381 prime?
True
Is 3019921 prime?
True
Is 4447 composite?
False
Is 719 a composite number?
False
Is 47041 a prime number?
True
Is 76073 prime?
False
Is 9651 a composite number?
True
Is 17377 a prime number?
True
Is 36857 a prime number?
True
Is 159073 a composite number?
False
Is 3641 a composite number?
True
Is 797 a composite number?
False
Is 11671 prime?
False
Is 6259 a prime number?
False
Is 2624897 a prime number?
False
Is 1090267 a composite number?
False
Is 79579 a prime number?
True
Is 576769 a prime number?
True
Is 39971 a composite number?
False
Is 42843 prime?
False
Is 12451 a composite number?
False
Is 108499 composite?
False
Is 52523 a composite number?
True
Is 8143 a prime number?
False
Is 12637 composite?
False
Is 287387 a prime number?
True
Is 39199 a prime number?
True
Is 1073 composite?
True
Is 167133 a composite number?
True
Is 122819 prime?
True
Is 119913 prime?
False
Is 32173 a prime number?
True
Is 20477 composite?
False
Is 22343 a prime number?
True
Is 472001 composite?
True
Is 6017 prime?
False
Is 18617 prime?
True
Is 23983 a prime number?
False
Is 39029 a prime number?
False
Is 15047 prime?
False
Is 171497 a composite number?
True
Is 1213 a prime number?
True
Is 29329 prime?
False
Is 917753 a composite number?
False
Is 8899 a prime number?
False
Is 143945 a prime number?
False
Is 19739 a composite number?
False
Is 3233 prime?
False
Is 35797 a composite number?
False
Is 16879 a composite number?
False
Is 112181 a prime number?
True
Is 2035127 a composite number?
False
Is 2427 a prime number?
False
Is 465481 a prime number?
False
Is 2309 a prime number?
True
Is 29086 composite?
True
Is 61591 a prime number?
False
Is 511337 a prime number?
True
Is 23753 a composite number?
False
Is 350213 prime?
True
Is 2262163 a composite number?
True
Is 1022929 a prime number?
True
Is 63901 prime?
True
Is 22181 prime?
False
Is 18461 a composite number?
False
Is 63149 prime?
True
Is 2701 composite?
True
Is 143383 composite?
True
Is 6029 a prime number?
True
Is 3589781 a prime number?
False
Is 111117 prime?
False
Is 3691 a prime number?
True
Is 506231 prime?
False
Is 426593 composite?
True
Is 35023 a composite number?
False
Is 363313 composite?
False
Is 360901 prime?
True
Is 122861 prime?
True
Is 92657 prime?
True
Is 565597 composite?
False
Is 860183 a composite number?
True
Is 12197 a prime number?
True
Is 279511 composite?
False
Is 7177 prime?
True
Is 803317 prime?
False
Is 24877 composite?
False
Is 15815 prime?
False
Is 12809 prime?
True
Is 407545 prime?
False
Is 83491 a prime number?
False
Is 54037 composite?
False
Is 92197 a prime number?
False
Is 754499 composite?
True
Is 102749 a prime number?
False
Is 7177 a composite number?
False
Is 1921663 prime?
False
Is 2315 composite?
True
Is 2531 a prime number?
True
Is 64654 a composite number?
True
Is 95 composite?
True
Is 10921 composite?
True
Is 869 prime?
False
Is 102766 prime?
False
Is 54854 a prime number?
False
Is 167613 a prime number?
False
Is 91705 prime?
False
Is 9239 a prime number?
True
Is 451871 a composite number?
True
Is 174683 a composite number?
True
Is 21443 a prime number?
False
Is 4733 composite?
False
Is 586589 a prime number?
True
Is 572491 composite?
False
Is 40693 a composite number?
False
Is 673 composite?
False
Is 644515 a composite number?
True
Is 264287 prime?
False
Is 68099 a composite number?
False
Is 1399 composite?
False
Is 209659 composite?
False
Is 129169 a composite number?
False
Is 1954042 composite?
True
Is 103097 a prime number?
False
Is 7721 a prime number?
False
Is 82595 a composite number?
True
Is 6139 a composite number?
True
Is 2333 prime?
True
Is 4127 a c